{"id":2127,"date":"2018-10-11T13:11:25","date_gmt":"2018-10-11T11:11:25","guid":{"rendered":"http:\/\/www.tempogymjette.be\/?page_id=2127"},"modified":"2026-03-17T12:13:20","modified_gmt":"2026-03-17T11:13:20","slug":"permanence-du-samedi","status":"publish","type":"page","link":"https:\/\/www.tempogymjette.be\/index.php\/permanence-du-samedi\/","title":{"rendered":"Permanence du samedi"},"content":{"rendered":"<div id=\"pl-2127\"  class=\"panel-layout\" ><div id=\"pg-2127-0\"  class=\"panel-grid panel-no-style\" ><div id=\"pgc-2127-0-0\"  class=\"panel-grid-cell\" ><div id=\"panel-2127-0-0-0\" class=\"so-panel widget widget_black-studio-tinymce widget_black_studio_tinymce panel-first-child panel-last-child\" data-index=\"0\" ><div class=\"textwidget\"><p><span style=\"font-family: 'Comic Sans MS', sans-serif; color: #000000;\">Nous nous tenons \u00e0 votre disposition pour toutes demandes d\u2019ordre g\u00e9n\u00e9ral ou administratives (renseignements, attestations, document mutuelle, ch\u00e8que sports de la commune de Jette, achat \u00e9quipement\u2026) lors de la permanence de contact qui se tient les samedis suivants, <strong>de 11h30 \u00e0 14h00 \u00e0 la caf\u00e9t\u00e9ria du centre omnisports.<\/strong><\/span><\/p>\n<hr \/>\n<h2 style=\"text-align: center;\"><span style=\"text-decoration: underline; color: #000000;\"><span style=\"font-family: 'Comic Sans MS', sans-serif; font-size: 14pt;\">Dates<\/span><\/span><\/h2>\n<p style=\"text-align: center;\"><span style=\"color: #000000;\"><strong><span style=\"font-family: 'Comic Sans MS', sans-serif;\">o 30 ao\u00fbt<\/span><\/strong><\/span><br \/>\n<span style=\"color: #000000;\"><strong><span style=\"font-family: 'Comic Sans MS', sans-serif;\">o 20 septembre<\/span><\/strong><\/span><br \/>\n<span style=\"color: #000000;\"><strong><span style=\"font-family: 'Comic Sans MS', sans-serif;\">o 18 octobre<\/span><\/strong><\/span><br \/>\n<span style=\"color: #ff0000;\"><strong><span style=\"font-family: 'Comic Sans MS', sans-serif;\">o 15 novembre ANNULEE<\/span><\/strong><\/span><br \/>\n<span style=\"color: #000000;\"><strong><span style=\"font-family: 'Comic Sans MS', sans-serif;\">o 20 d\u00e9cembre<\/span><\/strong><\/span><br \/>\n<span style=\"color: #000000;\"><strong><span style=\"font-family: 'Comic Sans MS', sans-serif;\">o 10 janvier<\/span><\/strong><\/span><br \/>\n<span style=\"color: #000000;\"><strong><span style=\"font-family: 'Comic Sans MS', sans-serif;\">o 14 f\u00e9vrier<\/span><\/strong><\/span><br \/>\n<span style=\"color: #000000;\"><strong><span style=\"font-family: 'Comic Sans MS', sans-serif;\">o 4 avril<\/span><\/strong><\/span><br \/>\n<span style=\"color: #ff0000;\"><strong><span style=\"font-family: 'Comic Sans MS', sans-serif;\">o 25 avril ANNULEE<\/span><\/strong><\/span><br \/>\n<span style=\"color: #000000;\"><strong><span style=\"font-family: 'Comic Sans MS', sans-serif;\">o 30 mai<\/span><\/strong><\/span><\/p>\n<\/div><\/div><\/div><\/div><\/div>","protected":false},"excerpt":{"rendered":"<p>Nous nous tenons \u00e0 votre disposition pour toutes demandes d\u2019ordre g\u00e9n\u00e9ral ou administratives (renseignements, attestations, document mutuelle, ch\u00e8que sports de la commune de Jette, achat \u00e9quipement\u2026) lors de la permanence de contact qui se tient les samedis suivants, de 11h30 \u00e0 14h00 \u00e0 la caf\u00e9t\u00e9ria du centre omnisports. Dates o 30 ao\u00fbt o 20 septembre [&hellip;]<\/p>\n","protected":false},"author":164,"featured_media":0,"parent":0,"menu_order":0,"comment_status":"closed","ping_status":"closed","template":"","meta":{"footnotes":""},"class_list":["post-2127","page","type-page","status-publish","hentry"],"yoast_head":"<!-- This site is optimized with the Yoast SEO plugin v25.1 - https:\/\/yoast.com\/wordpress\/plugins\/seo\/ -->\n<title>Permanence du samedi - Tempogym Jette<\/title>\n<meta name=\"robots\" content=\"index, follow, max-snippet:-1, max-image-preview:large, max-video-preview:-1\" \/>\n<link rel=\"canonical\" href=\"https:\/\/www.tempogymjette.be\/index.php\/permanence-du-samedi\/\" \/>\n<meta property=\"og:locale\" content=\"fr_FR\" \/>\n<meta property=\"og:type\" content=\"article\" \/>\n<meta property=\"og:title\" content=\"Permanence du samedi - Tempogym Jette\" \/>\n<meta property=\"og:description\" content=\"Nous nous tenons \u00e0 votre disposition pour toutes demandes d\u2019ordre g\u00e9n\u00e9ral ou administratives (renseignements, attestations, document mutuelle, ch\u00e8que sports de la commune de Jette, achat \u00e9quipement\u2026) lors de la permanence de contact qui se tient les samedis suivants, de 11h30 \u00e0 14h00 \u00e0 la caf\u00e9t\u00e9ria du centre omnisports. Dates o 30 ao\u00fbt o 20 septembre [&hellip;]\" \/>\n<meta property=\"og:url\" content=\"https:\/\/www.tempogymjette.be\/index.php\/permanence-du-samedi\/\" \/>\n<meta property=\"og:site_name\" content=\"Tempogym Jette\" \/>\n<meta property=\"article:modified_time\" content=\"2026-03-17T11:13:20+00:00\" \/>\n<meta name=\"twitter:card\" content=\"summary_large_image\" \/>\n<meta name=\"twitter:label1\" content=\"Dur\u00e9e de lecture estim\u00e9e\" \/>\n\t<meta name=\"twitter:data1\" content=\"1 minute\" \/>\n<script type=\"application\/ld+json\" class=\"yoast-schema-graph\">{\"@context\":\"https:\/\/schema.org\",\"@graph\":[{\"@type\":\"WebPage\",\"@id\":\"https:\/\/www.tempogymjette.be\/index.php\/permanence-du-samedi\/\",\"url\":\"https:\/\/www.tempogymjette.be\/index.php\/permanence-du-samedi\/\",\"name\":\"Permanence du samedi - Tempogym Jette\",\"isPartOf\":{\"@id\":\"https:\/\/www.tempogymjette.be\/#website\"},\"datePublished\":\"2018-10-11T11:11:25+00:00\",\"dateModified\":\"2026-03-17T11:13:20+00:00\",\"breadcrumb\":{\"@id\":\"https:\/\/www.tempogymjette.be\/index.php\/permanence-du-samedi\/#breadcrumb\"},\"inLanguage\":\"fr-FR\",\"potentialAction\":[{\"@type\":\"ReadAction\",\"target\":[\"https:\/\/www.tempogymjette.be\/index.php\/permanence-du-samedi\/\"]}]},{\"@type\":\"BreadcrumbList\",\"@id\":\"https:\/\/www.tempogymjette.be\/index.php\/permanence-du-samedi\/#breadcrumb\",\"itemListElement\":[{\"@type\":\"ListItem\",\"position\":1,\"name\":\"Accueil\",\"item\":\"https:\/\/www.tempogymjette.be\/\"},{\"@type\":\"ListItem\",\"position\":2,\"name\":\"Permanence du samedi\"}]},{\"@type\":\"WebSite\",\"@id\":\"https:\/\/www.tempogymjette.be\/#website\",\"url\":\"https:\/\/www.tempogymjette.be\/\",\"name\":\"Tempogym Jette\",\"description\":\"Vive la gym\",\"potentialAction\":[{\"@type\":\"SearchAction\",\"target\":{\"@type\":\"EntryPoint\",\"urlTemplate\":\"https:\/\/www.tempogymjette.be\/?s={search_term_string}\"},\"query-input\":{\"@type\":\"PropertyValueSpecification\",\"valueRequired\":true,\"valueName\":\"search_term_string\"}}],\"inLanguage\":\"fr-FR\"}]}<\/script>\n<!-- \/ Yoast SEO plugin. -->","yoast_head_json":{"title":"Permanence du samedi - Tempogym Jette","robots":{"index":"index","follow":"follow","max-snippet":"max-snippet:-1","max-image-preview":"max-image-preview:large","max-video-preview":"max-video-preview:-1"},"canonical":"https:\/\/www.tempogymjette.be\/index.php\/permanence-du-samedi\/","og_locale":"fr_FR","og_type":"article","og_title":"Permanence du samedi - Tempogym Jette","og_description":"Nous nous tenons \u00e0 votre disposition pour toutes demandes d\u2019ordre g\u00e9n\u00e9ral ou administratives (renseignements, attestations, document mutuelle, ch\u00e8que sports de la commune de Jette, achat \u00e9quipement\u2026) lors de la permanence de contact qui se tient les samedis suivants, de 11h30 \u00e0 14h00 \u00e0 la caf\u00e9t\u00e9ria du centre omnisports. Dates o 30 ao\u00fbt o 20 septembre [&hellip;]","og_url":"https:\/\/www.tempogymjette.be\/index.php\/permanence-du-samedi\/","og_site_name":"Tempogym Jette","article_modified_time":"2026-03-17T11:13:20+00:00","twitter_card":"summary_large_image","twitter_misc":{"Dur\u00e9e de lecture estim\u00e9e":"1 minute"},"schema":{"@context":"https:\/\/schema.org","@graph":[{"@type":"WebPage","@id":"https:\/\/www.tempogymjette.be\/index.php\/permanence-du-samedi\/","url":"https:\/\/www.tempogymjette.be\/index.php\/permanence-du-samedi\/","name":"Permanence du samedi - Tempogym Jette","isPartOf":{"@id":"https:\/\/www.tempogymjette.be\/#website"},"datePublished":"2018-10-11T11:11:25+00:00","dateModified":"2026-03-17T11:13:20+00:00","breadcrumb":{"@id":"https:\/\/www.tempogymjette.be\/index.php\/permanence-du-samedi\/#breadcrumb"},"inLanguage":"fr-FR","potentialAction":[{"@type":"ReadAction","target":["https:\/\/www.tempogymjette.be\/index.php\/permanence-du-samedi\/"]}]},{"@type":"BreadcrumbList","@id":"https:\/\/www.tempogymjette.be\/index.php\/permanence-du-samedi\/#breadcrumb","itemListElement":[{"@type":"ListItem","position":1,"name":"Accueil","item":"https:\/\/www.tempogymjette.be\/"},{"@type":"ListItem","position":2,"name":"Permanence du samedi"}]},{"@type":"WebSite","@id":"https:\/\/www.tempogymjette.be\/#website","url":"https:\/\/www.tempogymjette.be\/","name":"Tempogym Jette","description":"Vive la gym","potentialAction":[{"@type":"SearchAction","target":{"@type":"EntryPoint","urlTemplate":"https:\/\/www.tempogymjette.be\/?s={search_term_string}"},"query-input":{"@type":"PropertyValueSpecification","valueRequired":true,"valueName":"search_term_string"}}],"inLanguage":"fr-FR"}]}},"jetpack_sharing_enabled":true,"jetpack_shortlink":"https:\/\/wp.me\/P9rq79-yj","jetpack-related-posts":[],"_links":{"self":[{"href":"https:\/\/www.tempogymjette.be\/index.php\/wp-json\/wp\/v2\/pages\/2127","targetHints":{"allow":["GET"]}}],"collection":[{"href":"https:\/\/www.tempogymjette.be\/index.php\/wp-json\/wp\/v2\/pages"}],"about":[{"href":"https:\/\/www.tempogymjette.be\/index.php\/wp-json\/wp\/v2\/types\/page"}],"author":[{"embeddable":true,"href":"https:\/\/www.tempogymjette.be\/index.php\/wp-json\/wp\/v2\/users\/164"}],"replies":[{"embeddable":true,"href":"https:\/\/www.tempogymjette.be\/index.php\/wp-json\/wp\/v2\/comments?post=2127"}],"version-history":[{"count":34,"href":"https:\/\/www.tempogymjette.be\/index.php\/wp-json\/wp\/v2\/pages\/2127\/revisions"}],"predecessor-version":[{"id":10829,"href":"https:\/\/www.tempogymjette.be\/index.php\/wp-json\/wp\/v2\/pages\/2127\/revisions\/10829"}],"wp:attachment":[{"href":"https:\/\/www.tempogymjette.be\/index.php\/wp-json\/wp\/v2\/media?parent=2127"}],"curies":[{"name":"wp","href":"https:\/\/api.w.org\/{rel}","templated":true}]}}

<div id="pl-2127"  class="panel-layout" ><div id="pg-2127-0"  class="panel-grid panel-no-style" ><div id="pgc-2127-0-0"  class="panel-grid-cell" ><div id="panel-2127-0-0-0" class="so-panel widget widget_black-studio-tinymce widget_black_studio_tinymce panel-first-child panel-last-child" data-index="0" ><div class="textwidget"><p><span style="font-family: 'Comic Sans MS', sans-serif; color: #000000;">Nous nous tenons à votre disposition pour toutes demandes d’ordre général ou administratives (renseignements, attestations, document mutuelle, chèque sports de la commune de Jette, achat équipement…) lors de la permanence de contact qui se tient les samedis suivants, <strong>de 11h30 à 14h00 à la cafétéria du centre omnisports.</strong></span></p>
<hr />
<h2 style="text-align: center;"><span style="text-decoration: underline; color: #000000;"><span style="font-family: 'Comic Sans MS', sans-serif; font-size: 14pt;">Dates</span></span></h2>
<p style="text-align: center;"><span style="color: #000000;"><strong><span style="font-family: 'Comic Sans MS', sans-serif;">o 30 août</span></strong></span><br />
<span style="color: #000000;"><strong><span style="font-family: 'Comic Sans MS', sans-serif;">o 20 septembre</span></strong></span><br />
<span style="color: #000000;"><strong><span style="font-family: 'Comic Sans MS', sans-serif;">o 18 octobre</span></strong></span><br />
<span style="color: #ff0000;"><strong><span style="font-family: 'Comic Sans MS', sans-serif;">o 15 novembre ANNULEE</span></strong></span><br />
<span style="color: #000000;"><strong><span style="font-family: 'Comic Sans MS', sans-serif;">o 20 décembre</span></strong></span><br />
<span style="color: #000000;"><strong><span style="font-family: 'Comic Sans MS', sans-serif;">o 10 janvier</span></strong></span><br />
<span style="color: #000000;"><strong><span style="font-family: 'Comic Sans MS', sans-serif;">o 14 février</span></strong></span><br />
<span style="color: #000000;"><strong><span style="font-family: 'Comic Sans MS', sans-serif;">o 4 avril</span></strong></span><br />
<span style="color: #ff0000;"><strong><span style="font-family: 'Comic Sans MS', sans-serif;">o 25 avril ANNULEE</span></strong></span><br />
<span style="color: #000000;"><strong><span style="font-family: 'Comic Sans MS', sans-serif;">o 30 mai</span></strong></span></p>
</div></div></div></div></div>

<p>Nous nous tenons à votre disposition pour toutes demandes d’ordre général ou administratives (renseignements, attestations, document mutuelle, chèque sports de la commune de Jette, achat équipement…) lors de la permanence de contact qui se tient les samedis suivants, de 11h30 à 14h00 à la cafétéria du centre omnisports. Dates o 30 août o 20 septembre [&hellip;]</p>

<!-- This site is optimized with the Yoast SEO plugin v25.1 - https://yoast.com/wordpress/plugins/seo/ -->
<title>Permanence du samedi - Tempogym Jette</title>
<meta name="robots" content="index, follow, max-snippet:-1, max-image-preview:large, max-video-preview:-1" />
<link rel="canonical" href="https://www.tempogymjette.be/index.php/permanence-du-samedi/" />
<meta property="og:locale" content="fr_FR" />
<meta property="og:type" content="article" />
<meta property="og:title" content="Permanence du samedi - Tempogym Jette" />
<meta property="og:description" content="Nous nous tenons à votre disposition pour toutes demandes d’ordre général ou administratives (renseignements, attestations, document mutuelle, chèque sports de la commune de Jette, achat équipement…) lors de la permanence de contact qui se tient les samedis suivants, de 11h30 à 14h00 à la cafétéria du centre omnisports. Dates o 30 août o 20 septembre [&hellip;]" />
<meta property="og:url" content="https://www.tempogymjette.be/index.php/permanence-du-samedi/" />
<meta property="og:site_name" content="Tempogym Jette" />
<meta property="article:modified_time" content="2026-03-17T11:13:20+00:00" />
<meta name="twitter:card" content="summary_large_image" />
<meta name="twitter:label1" content="Durée de lecture estimée" />
	<meta name="twitter:data1" content="1 minute" />
<script type="application/ld+json" class="yoast-schema-graph">{"@context":"https://schema.org","@graph":[{"@type":"WebPage","@id":"https://www.tempogymjette.be/index.php/permanence-du-samedi/","url":"https://www.tempogymjette.be/index.php/permanence-du-samedi/","name":"Permanence du samedi - Tempogym Jette","isPartOf":{"@id":"https://www.tempogymjette.be/#website"},"datePublished":"2018-10-11T11:11:25+00:00","dateModified":"2026-03-17T11:13:20+00:00","breadcrumb":{"@id":"https://www.tempogymjette.be/index.php/permanence-du-samedi/#breadcrumb"},"inLanguage":"fr-FR","potentialAction":[{"@type":"ReadAction","target":["https://www.tempogymjette.be/index.php/permanence-du-samedi/"]}]},{"@type":"BreadcrumbList","@id":"https://www.tempogymjette.be/index.php/permanence-du-samedi/#breadcrumb","itemListElement":[{"@type":"ListItem","position":1,"name":"Accueil","item":"https://www.tempogymjette.be/"},{"@type":"ListItem","position":2,"name":"Permanence du samedi"}]},{"@type":"WebSite","@id":"https://www.tempogymjette.be/#website","url":"https://www.tempogymjette.be/","name":"Tempogym Jette","description":"Vive la gym","potentialAction":[{"@type":"SearchAction","target":{"@type":"EntryPoint","urlTemplate":"https://www.tempogymjette.be/?s={search_term_string}"},"query-input":{"@type":"PropertyValueSpecification","valueRequired":true,"valueName":"search_term_string"}}],"inLanguage":"fr-FR"}]}</script>
<!-- / Yoast SEO plugin. -->

Nous nous tenons à votre disposition pour toutes demandes d’ordre général ou administratives (renseignements, attestations, document mutuelle, chèque sports de la commune de Jette, achat équipement…) lors de la permanence de contact qui se tient les samedis suivants, de 11h30 à 14h00 à la cafétéria du centre omnisports. Dates o 30 août o 20 septembre [&hellip;]
